 when 38 is divided by u?
3
Let m = -31 + 55. Suppose 0 = -2*c + 4*c - m. Calculate the remainder when 35 is divided by c.
11
Suppose -4*n = 4*v - n - 3, 0 = v - 5*n - 18. Suppose -v*u + 275 = 107. Calculate the remainder when u is divided by 2256/112 - (-3)/(-21).
16
Suppose 2*d + 22 = 2*j - 0*d, j - 14 = 4*d. Suppose -n - 11 = -h + 28, 0 = -3*n. Suppose -5 + h = 2*o. Calculate the remainder when o is divided by j.
7
Calculate the remainder when 223 is divided by (-26)/(-12 + 232/20).
28
Suppose 0 = 6*i - 120 - 1116. Calculate the remainder when i is divided by 19.
16
Suppose -4*b + 53*a = 50*a - 262, 0 = b - a - 65. What is the remainder when b is divided by 7?
4
Let q = 599 + -378. Calculate the remainder when q is divided by 106.
9
Suppose -1 = -3*l + 5. Suppose l*q = 5*u - 454, 3*u + 2*q - 151 - 115 = 0. Suppose 5*k - 2*k - u = 0. What is the remainder when k is divided by 8?
6
Let s = 196 - 189. What is the remainder when 67 is divided by s?
4
Let i(x) = -x**2 + x + 348. Calculate the remainder when 671 is divided by i(18).
41
Let n(u) = u**3 - 6*u**2 + 6*u + 2. Let w = 78 - 122. Let s = 70 + w. Calculate the remainder when s is divided by n(5).
5
Let a = -922 - -942. What is the remainder when 181 is divided by a?
1
Let m(t) = 6*t**2 - 2*t + 15. What is the remainder when m(2) is divided by 19?
16
Suppose 0 = -5*v + b - 639 + 3019, 5*b - 2380 = -5*v. Calculate the remainder when v is divided by 37.
32
Let s(m) be the first derivative of -m**4/4 + 2*m**3/3 + 2*m**2 - m - 1. Let x(d) = 2*d + 51. Calculate the remainder when s(-3) is divided by x(-20).
10
Suppose 5*p - 2*s = 59, 3*p + 2*s = s + 42. Suppose -2*f + 189 = 2*f + 5*w, f = -5*w + 36. What is the remainder when f is divided by p?
12
Suppose -3*l - 18 = 2*z, 0 = 5*z + 2*l + 57 - 1. Let v = 16 + z. What is the remainder when 15 is divided by v?
3
Suppose -3*u + 190 = 2*u. Let y(a) = 45*a**2 + 18*a + 7. What is the remainder when y(-2) is divided by u?
37
Suppose -7*d - 502 + 1195 = 0. What is the remainder when d is divided by 31?
6
Let j(f) = -16*f**2 - 227*f + 27. Calculate the remainder when 200 is divided by j(-14).
62
Let a = -909 + 1063. What is the remainder when a is divided by 48?
10
Calculate the remainder when ((2310/(-40))/(-3))/((-1)/(-4)) is divided by 27.
23
Suppose -6*a - 4723 = -4825. What is the remainder when (5/(-3))/(2/(-222)) is divided by a?
15
Let p = 8 + -33. Let z = p - -58. What is the remainder when z is divided by 9?
6
Let y = -74 + 95. What is the remainder when 81 is divided by y?
18
Let k = 74 - 53. Let z(y) = -y**3 + 20*y**2 + 24*y - 16. Calculate the remainder when z(k) is divided by 3.
2
Let z(k) = 168 + 202 - k**3 - 374 - 5*k**2 - 5*k. Let v(u) = -u**3 - 6*u**2 - 5*u - 5. Let y be v(-5). What is the remainder when z(y) is divided by 8?
5
Suppose 3*j + 17 = 5*v + 5, -3*j + 3*v = 12. Let k = 17 + j. What is the remainder when k is divided by (-2)/(2/20*-4)?
3
Let z(l) = 5*l - 9. Calculate the remainder when z(17) is divided by 36.
4
Let q be 58/6 + (84/(-18) - -4). Suppose q*z - 560 = -5*z. What is the remainder when z is divided by 21?
19
Suppose 27*g = 22*g + 90. Calculate the remainder when 29 is divided by (1 + 4 + 14/(-3))*g.
5
Let t be 2 - (-1 + 1 - 0). Let y(h) = -h - 19. Let u be y(-19). Suppose 0 = 3*p - u*s - 2*s + t, -5*p + 4*s = 6. What is the remainder when p is divided by 1?
0
Let v(w) = -6*w + 152. Let f(z) = -z - 1. Calculate the remainder when v(22) is divided by f(-6).
0
Let p(c) = 2*c**2 + 18*c - 4. Let f be p(-10). What is the remainder when ((-60)/f)/(1/(-4)) is divided by 5?
0
Let q(d) = 11*d - 24 - d**2 + 0*d + 7*d. Calculate the remainder when 162 is divided by q(13).
39
Let c(o) = -o**3 + 16*o**2 + 6*o + 29. Let a = 1 - -15. What is the remainder when c(a) is divided by 32?
29
What is the remainder when ((-5748)/(-8))/3 - 6/4 is divided by 40?
38
Suppose 0 = z + 2*z - 30. Suppose -122*a + 4176 = -50*a. Calculate the remainder when a is divided by z.
8
Suppose 20 = 2*o + b, -3*o = o - b - 40. What is the remainder when 18 is divided by o?
8
Suppose 665 = -6*m + 13*m. What is the remainder when m is divided by 14?
11
Let p = -21 - -20. Let j = 27 - p. What is the remainder when j is divided by 10?
8
Let y(w) = -282*w**3 + 3*w**2 + 3*w - 2. Let i be y(-2). Calculate the remainder when ((-4)/18)/(-1) + i/36 is divided by 8.
7
Calculate the remainder when 2 + 392/24 + (-4)/(-6) is divided by 13.
6
Suppose 0 = -3*l + 5*t + 162, -2*l + 53*t = 50*t - 108. What is the remainder when 160 is divided by l?
52
Let l be 2/9 + (-700)/(-9). Suppose -5*i + 3*h = -0*i - l, 4*i = 2*h + 64. Calculate the remainder when 89 is divided by i.
17
Suppose 48*u - 3*j + 174 = 49*u, -3*j = -3*u + 474. What is the remainder when u is divided by 19?
10
Suppose 7*m + 2 = -33. Calculate the remainder when 2 - 0/3 - m is divided by 2.
1
Let g = 3 - 5. Suppose 3*x + 6*z - 23 = z, -2*x - 5*z + 7 = 0. Calculate the remainder when 1 - 29/2*g is divided by x.
14
Let w = -549 + 800. Calculate the remainder when w is divided by 11.
9
Let z = 5 - -4. Suppose 4 = v - 1. Suppose -3*g - b = 4*b - 107, -4*b = -v*g + 240. What is the remainder when g is divided by z?
8
Suppose -5*s = -s - 1356. Suppose -69 + s = 3*v. Calculate the remainder when v is divided by 13.
12
Let u(q) = 1 - 5*q**3 + 4*q**3 + 0*q**2 - 4*q + 4*q**2 - 5*q**2. Calculate the remainder when u(-3) is divided by 11.
9
Suppose -3*j = 5*i + j - 80, -5*i + 95 = j. Let z = -11 + 16. Suppose -z*p = -p - 148. What is the remainder when p is divided by i?
17
Let m(r) = 330*r**2 + 16*r + 17. What is the remainder when m(-1) is divided by 42?
37
Let n be (4/3 - 4)/(2/(-18)). What is the remainder when 102 is divided by 822/n + (-6)/(-8)?
32
Let k(y) = -y + 9. Let c = -4 + -11. What is the remainder when k(c) is divided by 14?
10
Let g(x) = -x. Let w(u) = 8*u - 16. Let o(m) = -2*g(m) - w(m). What is the remainder when o(-7) is divided by 15?
13
Suppose s - 2*s = 5, -4*g - 2*s = -30. Calculate the remainder when g is divided by 9.
1
Suppose 10*x + 4 = 84. What is the remainder when 342 is divided by x?
6
Suppose 7*n - 220 = -4*n. Calculate the remainder when 37 is divided by n.
17
Suppose 6*h - 91 = 221. What is the remainder when h is divided by 18?
16
Let v(g) = 4*g**2 + 8 - 5*g**2 - 4. Let j be v(0). Suppose 24 = j*x - 108. What is the remainder when x is divided by 7?
5
Let s = -191 + 209. Calculate the remainder when 231 is divided by s.
15
Calculate the remainder when 472 + (-140)/25 + 8/(-20) is divided by 26.
24
Let n(m) = -104*m + 171. Calculate the remainder when n(-2) is divided by 127.
125
Suppose 0 = 2*o + 3*o - 25. Suppose 133 = 4*b + o. Suppose 4*h + h = -2*u + 59, 2*h = 3*u + 16. Calculate the remainder when b is divided by h.
10
Suppose -5*s = -d - 172, 14*s - 15*s + 3*d + 40 = 0. What is the remainder when 189 is divided by s?
19
What is the remainder when 11775/135 + (-6)/27 is divided by 23?
18
Let t(a) = 2*a**2 - 49*a + 62. Calculate the remainder when 246 is divided by t(25).
72
Suppose 0 = -618*s + 631*s - 117. Let z(a) = -a**3 + 4*a**2 - 2*a. Calculate the remainder when s is divided by z(2).
1
Suppose -1 = 4*z + 7. Let l be (20/25)/(z/(-5)). Suppose -5*v + v = 4*y - 4, 5*v - 40 = l*y. What is the remainder when 16 is divided by v?
4
What is the remainder when 38 is divided by (3*(-4)/(-18))/((-5)/(-150))?
18
Suppose -4*z = -11 - 121. Suppose 40 = 5*a + j, a + 65*j - 27 = 61*j. What is the remainder when z is divided by a?
5
Suppose -2*t + 2*c - 247 = -671, 3*t = -c + 624. Calculate the remainder when t is divided by 37 + 4 + (0 - 6).
34
Let d(j) = -4*j**3 - 10 - 2*j**2 - 2*j + 3*j + 5*j**3 - 13*j**2. Let x = 20 - 6. Calculate the remainder when x is divided by d(15).
4
Suppose -3*l + 38 = -46. Suppose -l*t + 18 = -25*t. Calculate the remainder when 10 is divided by t.
4
Suppose -16 = 29*v - 31*v. Let c = -26 - -39. What is the remainder when c is divided by v?
5
Suppose 3*k = -2*l - l + 72, -l + 4 = 0. Let q(v) = -16*v**3 + 3 + 4*v + 4*v**2 - 6 - 14*v**2 + 17*v**3. What is the remainder when q(10) is divided by k?
17
Let f(x) be the first derivative of -5*x**2 + 1. Let v be f(-1). What is the remainder when 12/30 - (-416)/v is divided by 11?
9
Let m be (-2)/1 - (-4)/1. Suppose -8*g -